 of 61145932.
2, 15286483
What are the prime factors of 37261873?
11, 3387443
What are the prime factors of 303198788?
2, 23, 199, 16561
List the prime factors of 9162473.
17, 179, 3011
List the prime factors of 903937240.
2, 5, 397, 56923
List the prime factors of 650417283.
3, 8029843
What are the prime factors of 782115596?
2, 157, 1109, 1123
What are the prime factors of 51770484?
2, 3, 1438069
What are the prime factors of 1379144162?
2, 11, 367, 170813
What are the prime factors of 1396927138?
2, 47, 79, 313, 601
What are the prime factors of 5232332?
2, 7, 186869
List the prime factors of 134998105.
5, 11, 17, 144383
List the prime factors of 64721889.
3, 2397107
What are the prime factors of 4189374535?
5, 6977, 120091
What are the prime factors of 24422694?
2, 3, 4070449
List the prime factors of 54541415.
5, 43, 253681
What are the prime factors of 519456252?
2, 3, 7, 883429
List the prime factors of 808091346.
2, 3, 43, 769, 4073
What are the prime factors of 943779551?
11, 13, 73, 8219
List the prime factors of 1170650475.
3, 5, 277, 2087
What are the prime factors of 683672878?
2, 7, 97, 503441
List the prime factors of 340850759.
3049, 111791
List the prime factors of 40154842.
2, 7, 13, 37, 67, 89
What are the prime factors of 313473425?
5, 1609, 7793
What are the prime factors of 80763424?
2, 7, 360551
What are the prime factors of 129587085?
3, 5, 2879713
What are the prime factors of 10492790?
2, 5, 7, 11, 13627
What are the prime factors of 719631028?
2, 8669, 20753
What are the prime factors of 459572611?
17, 27033683
List the prime factors of 1306059479.
8839, 147761
What are the prime factors of 646143633?
3, 17, 31, 59, 2309
List the prime factors of 19579854.
2, 3, 7, 23, 20269
List the prime factors of 946578555.
3, 5, 13, 59929
List the prime factors of 19716007.
19716007
List the prime factors of 526557172.
2, 131639293
What are the prime factors of 120039368?
2, 15004921
What are the prime factors of 884236250?
2, 5, 19, 31, 1201
List the prime factors of 481442920.
2, 5, 7, 29, 211, 281
List the prime factors of 1859571170.
2, 5, 185957117
What are the prime factors of 211547107?
193, 1096099
What are the prime factors of 4388676808?
2, 548584601
List the prime factors of 2465010.
2, 3, 5, 61, 449
What are the prime factors of 440904660?
2, 3, 5, 7, 1049773
What are the prime factors of 323178917?
323178917
List the prime factors of 5234217.
3, 97, 17987
What are the prime factors of 60430950?
2, 3, 5, 134291
List the prime factors of 127495989.
3, 43, 241, 1367
List the prime factors of 1148939668.
2, 1297, 221461
What are the prime factors of 268042690?
2, 5, 19, 23, 83, 739
What are the prime factors of 1569865612?
2, 7, 17, 47, 1493
List the prime factors of 497314515.
3, 5, 17, 1950253
List the prime factors of 3325552394.
2, 41, 40555517
List the prime factors of 208376317.
1307, 159431
What are the prime factors of 659694783?
3, 11, 1817341
List the prime factors of 1447407543.
3, 41, 3257, 3613
List the prime factors of 48842486.
2, 7, 11, 317159
What are the prime factors of 17652793?
29, 191, 3187
What are the prime factors of 67489216?
2, 19, 55501
What are the prime factors of 30987626?
2, 59, 313, 839
List the prime factors of 666356757.
3, 11, 53, 149, 2557
What are the prime factors of 1193230652?
2, 298307663
List the prime factors of 11093130.
2, 3, 5, 23, 233
List the prime factors of 29725056.
2, 3, 47, 61
List the prime factors of 633636522.
2, 3, 23, 1530523
List the prime factors of 78789635.
5, 15757927
What are the prime factors of 195977692?
2, 48994423
List the prime factors of 34667046.
2, 3, 17, 193, 587
What are the prime factors of 43684084?
2, 17, 23, 31, 53
What are the prime factors of 63460041?
3, 21153347
List the prime factors of 2504546.
2, 11, 113843
List the prime factors of 170596644.
2, 3, 14216387
List the prime factors of 1925368396.
2, 7, 68763157
What are the prime factors of 33055822?
2, 439, 37649
List the prime factors of 342695565.
3, 5, 47, 311, 521
What are the prime factors of 1916716605?
3, 5, 97, 271, 4861
List the prime factors of 2004402066.
2, 3, 334067011
What are the prime factors of 629023410?
2, 3, 5, 1031, 6779
List the prime factors of 4221510636.
2, 3, 7, 197, 255107
What are the prime factors of 67805093?
7699, 8807
What are the prime factors of 2210645784?
2, 3, 92110241
What are the prime factors of 800148850?
2, 5, 16002977
List the prime factors of 580170784.
2, 1693, 10709
What are the prime factors of 396329108?
2, 7, 43, 329177
What are the prime factors of 113795609?
37, 3075557
List the prime factors of 2810364591.
3, 53, 887, 19927
List the prime factors of 20832522.
2, 3, 241, 14407
List the prime factors of 511415343.
3, 19, 71, 739
What are the prime factors of 330429250?
2, 5, 41, 32237
What are the prime factors of 3586348?
2, 896587
What are the prime factors of 126133628?
2, 19, 1659653
List the prime factors of 100884937.
179, 373, 1511
What are the prime factors of 423701154?
2, 3, 23538953
List the prime factors of 6889077054.
2, 3, 827, 51421
List the prime factors of 1013980749.
3, 71, 241, 19753
List the prime factors of 2187813142.
2, 19001, 57571
List the prime factors of 1258595718.
2, 3, 209765953
What are the prime factors of 737394599?
737394599
List the prime factors of 679468368.
2, 3, 157, 90163
What are the prime factors of 297987765?
3, 5, 19865851
List the prime factors of 9464620166.
2, 383, 1193, 10357
List the prime factors of 511859283.
3, 13, 73, 163, 1103
What are the prime factors of 27279420?
2, 3, 5, 7, 64951
List the prime factors of 63356416.
2, 17, 29, 251
What are the prime factors of 697161891?
3, 17, 13669841
List the prime factors of 80571797.
80571797
List the prime factors of 30496565.
5, 11, 109, 5087
List the prime factors of 2824985893.
1489, 1897237
List the prime factors of 142357383.
3, 7, 59, 38299
List the prime factors of 184944869.
499, 370631
What are the prime factors of 742917518?
2, 7, 19, 398989
List the prime factors of 1555770430.
2, 5, 155577043
List the prime factors of 1187700924.
2, 3, 98975077
List the prime factors of 2492528990.
2, 5, 7, 41, 191, 4547
What are the prime factors of 100783389?
3, 7, 163, 29443
What are the prime factors of 497020137?
3, 67, 2472737
What are the prime factors of 22444753?
29, 41, 43, 439
What are the prime factors of 277487406?
2, 3, 7, 677, 3253
List the prime factors of 1141912868.
2, 101, 1063, 2659
What are the prime factors of 196765770?
2, 3, 5, 113, 58043
What are the prime factors of 368570071?
43, 1867, 4591
List the prime factors of 51431460.
2, 3, 5, 17, 50423
List the prime factors of 36266864.
2, 2266679
List the prime factors of 52951946.
2, 107, 247439
List the prime factors of 8245573893.
3, 916174877
List the prime factors of 3059538939.
3, 79, 1434383
List the prime factors of 61093090.
2, 5, 151, 40459
List the prime factors of 481596877.
79, 6096163
What are the prime factors of 175758568?
2, 47, 61, 79, 97
What are the prime factors of 42875270?
2, 5, 467, 9181
What are the prime factors of 4240716540?
2, 3, 5, 23, 3072983
What are the prime factors of 90180292?
2, 22545073
List the prime factors of 126514027.
19, 229, 29077
What are the prime factors of 114833466?
2, 3, 11, 579967
List the prime factors of 1068380216.
2, 523, 255349
What are the prime factors of 467156909?
467156909
What are the prime factors of 2649285781?
163, 647, 25121
What are the prime factors of 25854432?
2, 3, 269317
What are the prime factors of 117402673?
31, 3787183
What are the prime factors of 8007256214?
2, 167, 173, 138577
What are the prime factors of 8774784?
2, 3, 2539
List the prime factors of 2804285827.
7, 57230323
What are the prime factors of 54739044?
2, 3, 506843
List the prime factors of 22601046.
2, 3, 13, 31, 719
List the prime factors of 81427265.
5, 47, 157, 2207
What are the prime factors of 155791612?
2, 38947903
List the prime factors of 48703503.
3, 1277, 12713
What are the prime factors of 20269372?
2, 17, 173, 1723
What are the prime factors of 2692677352?
2, 307, 919, 1193
What are the prime factors of 19642934?
2, 733, 13399
What are the prime factors of 1656343?
13, 103, 1237
List the prime factors of 22278829.
42